)/(-14) + 4*(-2)/(-28). What is the greatest common factor of y and i?
11
Suppose 0 = -2*k + 27 + 9. What is the highest common divisor of 12 and k?
6
Suppose -2*r + 86 = 6. Suppose -6*x + 2*x + r = 0. Let n be 122/x + (-3)/15. Calculate the highest common divisor of 132 and n.
12
Suppose -2*c = -4*o + 10, -5*c = -2*o - 4 - 11. What is the highest common divisor of c and 35?
5
Let t be 6/8*1*-4. Let d be 2*(t + (42 - -2)). Suppose 26 = 4*x - d. What is the highest common factor of 18 and x?
9
Let g = 0 - -2. Suppose 40 = 3*c - 6*l + l, 4*c - 40 = 4*l. Calculate the greatest common factor of c and g.
1
Let s = -28 - -32. Suppose 5*o + 29 = s*r + 1, -3*o = 3*r - 48. What is the greatest common factor of r and 108?
12
Suppose 4*o - 3*x - 116 = 0, 3*o + 8 = -5*x + 66. What is the greatest common factor of 65 and o?
13
Let m = -28 - -54. Calculate the highest common factor of m and 13.
13
Let q(k) = 3*k + 2. Let n be q(2). Let z = n - 7. What is the highest common factor of 7 and z?
1
Suppose 4*c - c - o = 27, 45 = 5*c + 2*o. Calculate the highest common divisor of c and 1.
1
Suppose 4*i = -i + 90. Let g be (-4)/i + (-940)/(-18). Suppose 65 = 4*k + k. Calculate the greatest common factor of k and g.
13
Let x be 66/(-4)*(-26)/13. Let y = x - 17. Let p be 18/8 + 1/(-4). What is the highest common divisor of y and p?
2
Let j(q) = 43*q - 6. Let y be j(5). What is the highest common divisor of y and 19?
19
Suppose -2*b + y = -7, 0 = 3*b + y - 3*y - 9. Calculate the highest common divisor of 5 and b.
5
Suppose -2*o - 5 = -27. Suppose o + 3 = 2*s. Calculate the greatest common factor of 7 and s.
7
Let o be 7*(0 - (-12)/7). Let x(t) = -31*t + 6. Let j be x(-5). Let l = -65 + j. What is the highest common factor of o and l?
12
Let z(w) = -w - 1. Let j be z(-5). Let n be (-2)/((18/(-87))/3). Let d = -9 + n. Calculate the highest common factor of d and j.
4
Let n(x) = x**2 + x + 2. Let w be n(3). What is the greatest common divisor of w and 21?
7
Suppose -3*y + y + 14 = 0. Let q(l) = 2*l + l**3 + 4 - 7*l**2 + 4*l - 2*l. Let x be q(y). What is the greatest common factor of 4 and x?
4
Suppose -8*n + 2 = -46. Calculate the highest common divisor of 9 and n.
3
Let o(f) = 26*f + 3. Let m be o(4). Suppose -145 = 5*a + 5*g, 3*a + a + m = -g. Let v = a - -37. Calculate the greatest common divisor of v and 1.
1
Let i(y) be the second derivative of -y**5/20 + 5*y**4/6 + 11*y**2/2 - y. Let d be i(10). Let j = d + -3. Calculate the highest common divisor of 8 and j.
8
Suppose 0*u = 3*j - 3*u - 24, 5*u + 16 = j. What is the greatest common divisor of j and 18?
6
Let d = 22 + 6. Suppose -j - d = -5*j. Calculate the greatest common factor of j and 7.
7
Let k = 4 - 5. Let w(j) = 17*j**2. Let g be w(k). Calculate the highest common factor of g and 187.
17
Let k = -122 + 123. Calculate the highest common divisor of 17 and k.
1
Let r be 0/3 + (-10)/(-2). Suppose -3*s - 4 - 5 = 0. Let i = s + 5. Calculate the highest common divisor of i and r.
1
Let r(g) be the third derivative of g**6/120 - g**5/60 + g**4/12 - g**3/6 - 3*g**2. Let t be r(1). What is the greatest common divisor of t and 11?
1
Suppose -3*w + x - 4*x + 12 = 0, -3*x - 36 = -3*w. Suppose -2*y + 3 = -45. Calculate the highest common divisor of w and y.
8
Let q(z) = 2*z - 13. Let r be q(17). Let t be (1*3)/((-1)/(-7)). Calculate the highest common divisor of r and t.
21
Let t be 0 - (-2 + (-6)/(-3)). Let s = 8 + t. Let j(l) = l**2 - 7*l - 4. Let z be j(s). Calculate the greatest common divisor of z and 44.
4
Suppose -2*v - s + 0*s = -133, -2*v + 3*s = -129. Suppose -5*d + 1 = -5*f - 4, f - 5 = 0. Calculate the greatest common factor of v and d.
6
Let q(m) = 3*m - 2. Let b be q(8). Calculate the greatest common factor of 88 and b.
22
Let w(k) = 10*k - 22. Let g be w(5). What is the highest common divisor of 42 and g?
14
Let f = 40 + -28. Calculate the highest common divisor of f and 3.
3
Let c(z) = -4*z - 44. Let a be c(-15). What is the greatest common divisor of a and 64?
16
Suppose -3*a + 15 = 3*m, m + 3*m - 2 = 5*a. Suppose 648 = 2*f + a*f. Let x = -62 - -80. Calculate the highest common factor of f and x.
18
Let r be (2/(-4))/(2/(-32)). Let p be (6/r)/((-2)/8). Let j be (2 + p)/(1/(-11)). What is the highest common factor of j and 77?
11
Suppose 19*s - 18 = 18*s. Suppose 4*y - 195 = 3*y + x, -4*y = x - 795. What is the greatest common divisor of y and s?
18
Let q = -143 + 1. Let p = 329 + q. What is the greatest common divisor of 17 and p?
17
Let x(i) = 3*i + i - 4 - 3*i. Let a be x(0). Let s be (a/2)/((-4)/18). What is the highest common factor of s and 27?
9
Let y(u) = -5*u + 23 + 3*u + u. Let v be y(0). What is the greatest common factor of 161 and v?
23
Let r = 10 - -2. What is the highest common divisor of 9 and r?
3
Suppose -6*q = -4*q - 68. Let w = q - 24. Suppose -4*o + 263 = -57. Calculate the highest common factor of o and w.
10
Let u be (-11)/((-110)/8)*35. What is the greatest common factor of u and 196?
28
Let i(s) = -6*s + 6. Let c be i(-2). Suppose b = 2*j + 12, 4*j + 0*j + 22 = b. What is the greatest common factor of c and b?
2
Let h be 12 + (10 - 2)/2. What is the greatest common factor of 40 and h?
8
Let b = -8 - -4. Let w = b + 5. What is the greatest common factor of w and 8?
1
Let k = 6 - 2. Let n = -5 - -6. Calculate the highest common divisor of k and n.
1
Let p = 51 + -26. Calculate the greatest common divisor of 5 and p.
5
Let l = 19 - 8. Calculate the greatest common factor of l and 44.
11
Let r(q) = 5*q - 1. Let f(c) = c + 2. Let o be f(0). Let w be r(o). Let j = -5 + w. What is the highest common factor of 36 and j?
4
Let w = 56 - 35. Calculate the greatest common factor of w and 14.
7
Let y = 12 - -3. Let t be 18*1 + 9/(-3). What is the highest common factor of t and y?
15
Let c = -9 - -15. Calculate the greatest common factor of c and 66.
6
Let b(v) = 5*v + 51. Let f be b(9). Calculate the greatest common divisor of 48 and f.
48
Let m be -6*(4 - (-80)/(-15)). Calculate the greatest common factor of m and 72.
8
Let n be ((-3)/(-12))/(1/20). Suppose 45 = 4*d + n. What is the greatest common factor of 20 and d?
10
Let g(b) = b**3 - b**2 + b + 28. Let z be g(0). What is the highest common factor of z and 112?
28
Let i(v) = 109*v**2 - 1. Let x be i(-1). Let w be 16/(-24) - 38/(-3). What is the highest common divisor of w and x?
12
Suppose 2*b - 5*a = 4*b + 19, 0 = -4*b - 5*a - 13. What is the greatest common factor of 6 and b?
3
Suppose 18*m - 20*m = -200. Let t = 13 + -3. Calculate the highest common factor of m and t.
10
Suppose -6*w + 63 = 5*g - 3*w, 3*w - 15 = -g. What is the highest common divisor of 156 and g?
12
Suppose 2*f + 131 = -23. Let j(y) = -y**2 + 11*y + 13. Let r be j(14). Let m = r - f. Calculate the greatest common factor of m and 6.
6
Let i be (-4 + (2 - 2))/1. Let b be 3 - i/(-2) - 3. Let d be (b - 13)*(-8)/3. What is the highest common divisor of 16 and d?
8
Suppose -y + 2*y - 5 = 0. Suppose -y*m = -369 + 39. Suppose k = -x + 30, x + 5*k = -x + m. Calculate the greatest common divisor of x and 14.
14
Suppose -4*u - 4 = 0, 2*t + 4*u = -0*u + 2. Suppose 0 = -t*j + 4*j - 1. What is the greatest common divisor of j and 9?
1
Suppose -2*s - 18 = b + 4*b, -5*b - 23 = -3*s. Suppose -v + 2 = -s. What is the highest common divisor of 3 and v?
3
Suppose -9*v + 2*c = -4*v - 10, -5*v - 2*c = -30. Calculate the greatest common factor of v and 4.
4
Let p(i) = i**3 + i**2 + i + 130. Let l be p(0). Calculate the greatest common divisor of 26 and l.
26
Let r(b) = b**3 - 2*b**2 + b. Let g be r(1). Let t be 1 + g - (-1 - 1). Calculate the highest common factor of 3 and t.
3
Let l = 36 + -20. Calculate the highest common factor of l and 4.
4
Suppose -1 - 1 = -2*o. Calculate the greatest common factor of o and 3.
1
Suppose 3*c + 15 = 0, -2*i + i = 2*c + 6. Let m be (-1 - -1) + (-292)/(-2). Suppose m = 2*h + 58. Calculate the highest common factor of i and h.
4
Suppose 25 + 11 = 9*q. Calculate the highest common factor of 4 and q.
4
Let b = 2 + 2. Let n be (-1)/((b/(-9))/4). Suppose 2*z = 6*z - 180. What is the highest common factor of z and n?
9
Let a = -1 + 4. Suppose 4*w - 4*q = 84, -5*w + 4*q + 52 = -a*w. Let s be 22572/176 + 1/(-4). Calculate the greatest common divisor of s and w